
-1
Let z(q) = q. Suppose 2*n + 0 = 3*l + 3, 0 = 3*n + 3*l - 12. Let p(s) = -4*s + n - 3 + 0. Let a(v) = -p(v) + 3*z(v). Give a(-1).
-7
Let q(i) = -5*i + 239*i**2 + 3 - 10*i**3 - 236*i**2 + 3*i**3 + 6*i**3. Calculate q(3).
-12
Let k(s) = 214*s - 1924. Let b be k(9). Let r(i) = 2*i**2 + 3. Calculate r(b).
11
Let o(l) = l**2 - 37*l - 418. Let r be o(-9). Let f(a) = -3*a**2 + a - 4. Give f(r).
-56
Let h = 79 + -70. Let b be h/(18/4) - -5. Suppose 3*m + 23 = -0*m + 5*y, -m - b = -y. Let c(j) = -j**3 - 5*j**2 + 6*j + 9. Determine c(m).
9
Let h(f) be the third derivative of f**5/60 - 7*f**4/24 - f**3/3 - 122*f**2 + 55. Let o = -11 - -19. Give h(o).
6
Suppose -3*j + 8*j = 9*l - 163, -5*l = -2*j - 96. Let s(n) = -n**2 + 19*n + 76. What is s(l)?
10
Let o(i) be the first derivative of 5*i**3/3 - 17*i**2/2 - 8*i - 51. Let c(k) = 2*k**2 - 8*k - 4. Let t(l) = -7*c(l) + 3*o(l). Determine t(-7).
18
Let z(r) be the first derivative of 1/4*r**4 - 2/3*r**3 + 0*r - 78 - 2*r**2. Give z(3).
-3
Suppose -3*y = 4*q - 166, -2*q - 219 = -7*q + 2*y. Let j = -40 + q. Suppose 5*c - c = -8, j*i - c = 14. Let t(x) = -x**3 + 3*x**2 + 6*x - 3. Determine t(i).
5
Let t = -4025 - -4026. Let x(b) be the second derivative of -b**5/60 - b**4/24 + b**3/6 - b**2 - 3*b. Let w(p) be the first derivative of x(p). Determine w(t).
-1
Let b be (0 - -5)*(21/(-24) + (-2)/16). Let j(t) = -t**2 - 2*t + 17. Determine j(b).
2
Let w(l) be the third derivative of -l**6/120 + l**5/12 - l**4/4 + l**3/6 - 1005*l**2. Calculate w(4).
-7
Let s(x) = 0*x - 1 - 3*x + 5*x - x. Let v(a) = -2*a + 2. Let f(u) = 7*s(u) + 3*v(u). Let g = -45 + 48. Give f(g).
2
Let t(x) = -4*x - 94. Let v be t(-25). Let g be v/(-18)*(14 + 7). Let h(w) = -w**2 - 8*w - 8. Give h(g).
-1
Let w be 5 + ((-30)/(-9) - 27/81). Let x(b) = -241*b + 1925. Determine x(w).
-3
Let y(g) = -9*g**2 - 2*g. Let p(a) = -26*a**2 - 3*a. Let d(l) = 2*p(l) - 7*y(l). Determine d(-1).
3
Let n(r) = -7*r**3 + 17*r**2 + 23*r - 32. Let u(j) = -20*j**3 + 51*j**2 + 68*j - 95. Let v(w) = 17*n(w) - 6*u(w). Give v(18).
44
Let o(l) = -5*l + 417. Let t(i) = -67. Let u(g) = o(g) + 8*t(g). Determine u(-27).
16
Let o(l) = 32*l + 1 - 85*l + 52*l - 9. Suppose 6 = 3*n - n. Suppose 2*i - 3*i - 3*k = 0, n*k = 5*i + 54. Determine o(i).
1
Suppose -2*w = 4*f - 68 - 20, f - 13 = 4*w. Suppose -38*j - f = -39*j. Suppose 3*u = -3*a + 6, 4*a + j + 6 = u. Let h(s) = s + 5. What is h(u)?
12
Let u(v) = -16*v + 8. Suppose 5*f - 11 = -h, -3*h + 4*f - 11 = -6. Determine u(h).
-8
Let n(k) = 6*k**3 - 6*k**2 - 9*k - 2. Let t(g) = g**3 - g - 2. Suppose -5*i = 85 - 60. Let b(c) = i*t(c) + n(c). Determine b(6).
-16
Let i(d) = 26*d**2 - 256*d + 592. Let w be i(6). Let y(u) = 8*u + 14. Let t(x) = 7*x + 14. Let h(j) = 5*t(j) - 4*y(j). Determine h(w).
-10
Let w(l) be the second derivative of 13*l**3/3 - 573*l**2/2 + 142*l - 9. Determine w(22).
-1
Let o(m) = -3*m - 7. Suppose -4*k = 193 - 197. Let c be 99/(-18) - (1/(-2) + k). What is o(c)?
11
Let a(o) = o + 15. Let q be a(-13). Let n(b) = 5*b**3 - 2*b**2 + 4*b - 1. Let v(x) = 14*x**3 - 5*x**2 + 10*x - 2. Let l(h) = 8*n(h) - 3*v(h). Give l(q).
-18
Suppose -p + 10 = -3*h, p + h = -2*h - 2. Let f(m) = -338 + p*m + 117 + 113 + 117. Suppose 15 - 3 = -2*w. Determine f(w).
-15
Suppose -45*g + 20 + 115 = 0. Let l(r) = 4*r**2 - 10*r + 3. Give l(g).
9
Let m(o) be the second derivative of o**3/6 + 9*o**2/2 - o. Let r be ((-74)/(-259))/(2/(-28)). Let i be (-4 - r)/(0 + (4 - 2)). Give m(i).
9
Let x(k) = k - 2. Let v(y) = y**3 + y**2 + 2*y + 391. Let r be v(0). Let a = r - 401. Calculate x(a).
-12
Let c(b) = -55 + b**3 - 45 - 3*b + 109 - 13*b**2. Determine c(13).
-30
Let r(d) = d - 1. Let f(g) = -9*g**3 + 3. Let v = -120 - -118. Let y(b) = v*r(b) - f(b). Determine y(-1).
-8
Let c(f) = -2*f**3 + 6*f**2 - 45*f. Let a(p) = p**3 - 4*p**2 + 21*p - 1. Let n(j) = 5*a(j) + 2*c(j). Give n(4).
-9
Let f(g) be the first derivative of g**2/2 + 26*g + 371. Calculate f(-19).
7
Suppose -19*u + 125 = 11. Let r(j) = 2*j + 8. Let g(k) = 2*k + 3. Let z(o) = u*g(o) - 2*r(o). Determine z(5).
42
Let s(i) = 6*i**2 + 7*i + 6. Let h(x) = 18*x**2 + 18*x + 11. Let a(w) = 2*h(w) - 5*s(w). Determine a(-3).
43
Let v(d) = 29 + 12 + d - 4*d - 7 + 2*d. Let y be v(28). Let h(z) = -z**3 + 8*z**2 - 5*z + 1. Calculate h(y).
43
Let k(p) = 6*p**2 - 7*p + 1. Let g(z) = 2*z + 2*z + 1 - z - 7*z + 3*z**2. Let r(o) = 5*g(o) - 3*k(o). Give r(3).
-22
Suppose 3*a = -17*a + 60. Suppose 2*m = -5*c + a, 3*m = 2*c + 6*m - 10. Let v(y) = 1 + 0 + y**2 - 2*y**3 + y**3 + 2*y. Give v(c).
1
Suppose 2*m + l - 7 = -4, -5*m + 2*l = -12. Suppose 26 + 67 = 3*c. Let u(v) = c*v - 19*v + m - 13*v. Give u(2).
0
Let d(c) = -2*c**2 + 5*c + 49. Let m be d(21). Let r be (m/21)/8*-3. Let j(g) = -g**3 + 13*g**2 - 1. Calculate j(r).
-1
Let b(d) = -d**2 - 7*d - 7. Let c(m) = -31*m + 239. Let x be c(-7). Suppose -474 = 6*z - x. Calculate b(z).
5
Let t(a) = 88*a - 2189. Let z be t(25). Let d(b) = b**3 - 7*b**2 - 40*b - 43. What is d(z)?
1
Let z(p) = 5*p + 7. Let s(a) = -4*a - 7. Let k(n) = 4*s(n) + 3*z(n). Suppose 294 = 4*i + 3*i. Suppose -2*l - 10 = 0, -h - 3*l = 2*h + i. Determine k(h).
2
Let o(h) = -h**3 + 4*h**2 - 2*h + 4. Let c(v) = -3*v - 5*v + 59 + 5*v - 2*v + 2*v. Let q be c(19). Determine o(q).
8
Let h(s) be the third derivative of -s**2 + 1/12*s**4 - 1/3*s**3 - 1 + 0*s. What is h(6)?
10
Let t(c) = c**2 + 4*c - 67. Suppose -13*v + 405 + 36 = 50*v. What is t(v)?
10
Let q(l) = -l**2 - 9*l - 17. Let i = 1117 + -1122. Calculate q(i).
3
Let l(i) = 3 - 4 + 179*i - 189*i. What is l(1)?
-11
Let q(g) be the second derivative of -g**5/20 - g**4/4 + 7*g**2/2 - 6*g + 1. Let y(o) = -o**3 - 3*o**2 - o + 9. Let w(b) = 5*q(b) - 4*y(b). Calculate w(-4).
-1
Let c(a) = -a**3 + a**2 + 3*a - 3. Suppose -4707*b = -4731*b - 120. Determine c(b).
132
Let q(p) = p**3 - 12*p**2 + 25*p - 25. Let g be q(10). Suppose -g + 10 = -5*j. Let h = 4 - j. Let s(b) = 10*b + 1. Calculate s(h).
11
Let d(r) = -877*r**2 - r - 15 - 871*r**2 + 1747*r**2. Give d(7).
-71
Let k(f) be the third derivative of 0 - 46*f + 1/2*f**3 - 1/24*f**4 - f**2. Give k(-7).
10
Suppose -84 = -15*b + b. Let l(x) be the third derivative of 1/120*x**b + 0*x + 0 + x**2 - x**3 + 1/4*x**4 + 1/10*x**5. Calculate l(-5).
-11
Let g(f) = -f + 9. Let d(m) = 21*m - 28. Let o be d(3). Suppose o*w = 14*w + 168. Give g(w).
1
Let n(b) = 11*b - 7. Let x(a) = -3*a**3 + 21*a**2 + 2*a - 18. Let y be x(7). Give n(y).
-51
Let v(p) = -7*p + 19. Let d(g) = -4*g + 9. Let n(l) = 5*d(l) - 3*v(l). Suppose 5*x + 0*x = 210. Suppose 21*s - x = 14*s. What is n(s)?
-6
Let g(i) = -i**2 + 16*i + 22. Let r = 40 - 38. Suppose -b + t - 6*t + 2 = 0, -4*t = -r*b + 46. What is g(b)?
5
Let t(i) = -2*i**2 + 13*i + 154. Let q(c) = -1044*c - 3138. Let k be q(-3). Calculate t(k).
4
Let l(g) be the second derivative of g**7/840 - g**6/360 - g**5/40 - 19*g**4/6 - g**2/2 - 182*g. Let a(o) be the third derivative of l(o). What is a(3)?
18
Let x(p) = 6*p + 31. Let v(z) = z**2 + 4*z + 46. Let n(i) = -2*v(i) + 3*x(i). Calculate n(4).
9
Let d = -189 + 194. Let l(p) = 5*p**2 + 14*p - 3. Let w(h) = -6*h**2 - 16*h + 4. Let u(t) = d*l(t) + 4*w(t). Determine u(-5).
-4
Suppose -4*q - 36 = -13*q. Suppose 7*l - q*l = 18. Let j(n) = n**3 - 8*n**2 + 10*n - 8. Give j(l).
-20
Let i(m) = -m**3 - 10*m**2 - 8*m + 2. Let n = -125 - -95. Let z(b) = 5*b + 141. Let u be z(n). Calculate i(u).
-7
Let m(a) = -a + 92. Let t(u) = 9*u + 710. Let f(k) = m(k) - t(k). Determine f(-61).
-8
Let g(p) be the first derivative of 2*p**2 - 2. Suppose 2 = 9*w - 16. Let s be 0 - w*(-15)/10. Calculate g(s).
12
Let d(g) = 2*g + 1270 - 1267 - g. Let i be (3 - 1)/((-5)/(-40)). Suppose 4*h - i = 0, 4*l + h - 39 = -l. What is d(l)?
10
Suppose 0 = 2*i + 7*i + 10*i. Let o be 12/48*(2 + i)*-2. Let v(s) = 0 + 0 + 19*s. Determine v(o).
-19
Let d(a) = -a**2 - 8*a - 7. Let p(b) = -b**2 + 8*b - 1. Let z be p(7). Let h(s) = -3*s**2 + 8*s + 8 - 9 + 4*s**2 - z. Let u be h(-8). What is d(u)?
0
Let u(f) be the third derivative of f**5/60 - f**4/4 + 2*f**3/3 - 26*f**2 + 10*f + 4. Let n = -14 + 20. Calculate u(n).
4
Suppose 2*j = 4*p + 100, -2 = -4*p + 2. Let m = -48 + j. Let r(c) = 4*c + c - m - 2 - 4*c. Determine r(-5).
-11
Let r(i) = i + 9. Let a(o) = o**3 + 5*o**2 + 4*o - 5. Let z = -48 + 26. L